sor of 45 and 1675230.
15
Calculate the highest common factor of 1840 and 3840.
80
What is the highest common factor of 55 and 5865?
5
What is the greatest common divisor of 24 and 376968?
24
What is the greatest common factor of 22 and 2439096?
22
Calculate the highest common divisor of 54 and 1710099.
27
Calculate the highest common divisor of 44079 and 189.
21
Calculate the greatest common factor of 40 and 8380.
20
What is the highest common divisor of 161 and 5359?
23
Calculate the greatest common divisor of 713 and 36983.
31
What is the greatest common divisor of 1744 and 89104?
16
What is the highest common factor of 581 and 58912?
7
What is the highest common divisor of 279 and 324?
9
What is the greatest common factor of 13068 and 2646?
54
Calculate the highest common factor of 62660 and 195.
65
What is the greatest common factor of 1490 and 64368?
298
Calculate the greatest common factor of 195 and 2035137.
39
Calculate the greatest common divisor of 371677 and 443.
443
What is the highest common divisor of 851062 and 543?
181
Calculate the highest common divisor of 122 and 142.
2
Calculate the highest common divisor of 344 and 79507.
43
What is the highest common divisor of 12460 and 712?
356
Calculate the greatest common divisor of 111 and 339.
3
What is the greatest common factor of 6965096 and 24?
8
Calculate the highest common divisor of 628838 and 70.
14
Calculate the highest common divisor of 3588 and 18785.
13
Calculate the greatest common divisor of 364 and 29372.
28
What is the greatest common factor of 16488 and 888?
24
Calculate the highest common factor of 347769 and 612.
153
Calculate the highest common divisor of 102 and 82977.
51
What is the greatest common divisor of 472 and 4792?
8
What is the highest common divisor of 117 and 19045?
13
What is the highest common factor of 48204 and 2782?
26
Calculate the highest common factor of 11537 and 695.
139
What is the greatest common divisor of 792 and 3240?
72
Calculate the highest common factor of 3360 and 739480.
280
What is the greatest common divisor of 188806 and 670?
134
Calculate the greatest common factor of 1230043 and 10072.
1259
What is the greatest common divisor of 38415 and 315?
15
Calculate the highest common divisor of 59214 and 12.
6
What is the highest common divisor of 3255 and 20265?
105
Calculate the greatest common factor of 216763 and 129.
43
What is the highest common factor of 223736 and 8?
8
What is the greatest common divisor of 884 and 90?
2
What is the highest common divisor of 481 and 2997?
37
What is the highest common divisor of 336 and 553?
7
What is the greatest common factor of 120602 and 21811?
1283
What is the highest common factor of 1671192 and 162?
162
What is the highest common divisor of 127534 and 187?
187
Calculate the highest common factor of 209447 and 7.
7
Calculate the highest common divisor of 835151 and 183.
61
Calculate the greatest common divisor of 48034 and 329.
329
Calculate the greatest common factor of 6464692 and 136.
68
Calculate the highest common divisor of 123633 and 2565.
513
What is the highest common factor of 2069697 and 804?
201
Calculate the greatest common factor of 243342 and 6336.
198
Calculate the greatest common factor of 1624 and 8816.
232
What is the highest common divisor of 2491 and 3445?
53
Calculate the greatest common divisor of 45465 and 5985.
105
Calculate the highest common divisor of 120 and 3803520.
120
Calculate the highest common divisor of 2436 and 89088.
348
What is the highest common factor of 45 and 10431?
9
What is the highest common divisor of 28259 and 470127?
2569
Calculate the highest common divisor of 135 and 1709937.
27
Calculate the highest common divisor of 206 and 2592201.
103
What is the highest common divisor of 494991 and 194?
97
What is the highest common divisor of 36830 and 17690?
290
What is the highest common factor of 1624640 and 320?
320
What is the greatest common factor of 13157 and 20237?
59
What is the greatest common divisor of 41118 and 3696?
462
Calculate the highest common divisor of 948 and 60909.
237
What is the greatest common divisor of 122 and 260714?
122
Calculate the greatest common factor of 44239 and 82.
41
What is the highest common factor of 19150 and 200?
50
Calculate the highest common factor of 249758 and 376.
94
What is the greatest common factor of 295 and 158651?
59
What is the greatest common factor of 40 and 199460?
20
What is the highest common divisor of 5 and 257570?
5
Calculate the greatest common factor of 17104 and 112.
16
What is the highest common factor of 7 and 340396?
7
Calculate the greatest common factor of 40264 and 21.
7
What is the greatest common divisor of 94237 and 4433?
143
Calculate the greatest common factor of 447 and 44104.
149
What is the highest common divisor of 981479 and 139?
139
Calculate the highest common factor of 29680 and 7280.
560
Calculate the greatest common factor of 62 and 92194.
62
What is the highest common divisor of 3723 and 187?
17
Calculate the highest common divisor of 236157 and 446.
223
What is the greatest common factor of 2076 and 1967702?
346
Calculate the greatest common factor of 13717 and 464.
29
Calculate the highest common factor of 3193 and 2163.
103
Calculate the highest common factor of 651 and 9021.
93
Calculate the highest common divisor of 728 and 10647.
91
What is the highest common factor of 29039 and 7668?
71
Calculate the greatest common factor of 160 and 389720.
40
What is the greatest common factor of 1261 and 1118?
13
Calculate the greatest common divisor of 928184 and 12.
4
Calculate the highest common factor of 88270 and 260.
130
Calculate the highest common divisor of 693 and 891.
99
Calculate the greatest common divisor of 144 and 37260.
36
What is the highest common factor of 18031 and 361?
19
Calculate the highest common factor of 1098 and 39894.
366
Calculate the greatest common divisor of 1498 and 212609.
107
What is the greatest common divisor of 2091 and 459?
51
What is the highest common factor of 207916 and 236?
236
What is the highest common divisor of 4190 and 710?
10
Calculate the greatest common divisor of 2467470 and 466.
466
What is the highest common divisor of 55266 and 1208?
302
Calculate the greatest common divisor of 13 and 1206127.
13
Calculate the highest common factor of 162 and 501282.
54
Calculate the greatest common factor of 9398 and 296.
74
Calculate the highest common factor of 144 and 16392.
24
What is the greatest common divisor of 144 and 197136?
144
Calculate the greatest common divisor of 101317 and 142.
71
Calculate the highest common divisor of 1424 and 32.
16
What is the greatest common divisor of 77105 and 945?
35
What is the highest common divisor of 4477 and 32549?
121
What is the highest common factor of 3232 and 320?
32
Calculate the highest common factor of 6 and 8799306.
6
Calculate the greatest common divisor of 181 and 487433.
181
Calculate the greatest common factor of 18 and 6541668.
18
What is the highest common factor of 72680 and 760?
40
Calculate the highest common divisor of 3774 and 748.
34
Calculate the greatest common divisor of 6 and 51897.
3
Calculate the greatest common factor of 5330806 and 2.
2
Calculate the greatest common factor of 408 and 120624.
24
Calculate the greatest common factor of 1106 and 7448.
14
Calculate the highest common factor of 1663 and 20002564.
1663
Calculate the highest common divisor of 4641 and 105.
21
Calculate the highest common factor of 25 and 76075.
25
Calculate the greatest common divisor of 2811 and 8.
1
What is the greatest common factor of 1050 and 35175?
525
Calculate the highest common divisor of 260996 and 71.
71
What is the highest common factor of 6715 and 77815?
395
Calculate the highest common divisor of 53237 and 383.
383
What is the greatest common divisor of 458 and 158926?
458
What is the highest common divisor of 107000 and 214?
214
Calculate the greatest common factor of 7632 and 9964.
212
What is the highest common factor of 33 and 214379?
11
What is the greatest common divisor of 163 and 125999?
163
Calculate the highest common factor of 36 and 4820.
4
What is the highest common divisor of 546182 and 1638?
182
What is the greatest common factor of 127 an